{"id":300,"date":"2024-08-28T23:12:23","date_gmt":"2024-08-28T21:12:23","guid":{"rendered":"https:\/\/www.koldata.io\/?page_id=300"},"modified":"2024-09-17T22:12:48","modified_gmt":"2024-09-17T20:12:48","slug":"conseil","status":"publish","type":"page","link":"https:\/\/www.koldata.io\/index.php\/conseil\/","title":{"rendered":"Conseil"},"content":{"rendered":"\n<div id=\"wp-block-themeisle-blocks-advanced-columns-6060ad37\" class=\"wp-block-themeisle-blocks-advanced-columns alignfull has-1-columns has-desktop-equal-layout has-tablet-equal-layout has-mobile-equal-layout has-vertical-unset has-light-bg\"><div class=\"wp-block-themeisle-blocks-advanced-columns-overlay\"><\/div><div class=\"innerblocks-wrap\">\n<div id=\"wp-block-themeisle-blocks-advanced-column-e9443913\" class=\"wp-block-themeisle-blocks-advanced-column\">\n<h2 class=\"wp-block-heading has-text-color has-link-color wp-elements-9a8fde3b8bc7617db66fef7b0bf86bf8\" style=\"color:#070731\">Un conseil personnalis\u00e9 et inscrit dans la dur\u00e9e.<\/h2>\n\n\n\n<p class=\"has-text-color has-link-color wp-elements-5369fc3e56a8160ad45c53fe93a4c523\" style=\"color:#070731\">Notre ambition est de devenir pour vous un <strong>partenaire durable<\/strong>, capable de vous accompagner tout au long des \u00e9volutions de l&#8217;\u00e9cosyst\u00e8me.<\/p>\n<\/div>\n<\/div><\/div>\n\n\n\n<div id=\"wp-block-themeisle-blocks-advanced-columns-f0d39e55\" class=\"wp-block-themeisle-blocks-advanced-columns alignfull has-2-columns has-desktop-equal-layout has-tablet-equal-layout has-mobile-collapsedRows-layout has-vertical-unset has-light-bg\"><div class=\"wp-block-themeisle-blocks-advanced-columns-overlay\"><\/div><div class=\"innerblocks-wrap\">\n<div id=\"wp-block-themeisle-blocks-advanced-column-df3a3bbe\" class=\"wp-block-themeisle-blocks-advanced-column has-light-bg\">\n<div id=\"wp-block-themeisle-blocks-font-awesome-icons-7b689dc6\" class=\"wp-block-themeisle-blocks-font-awesome-icons\"><span class=\"wp-block-themeisle-blocks-font-awesome-icons-container\"><i class=\"far fa-comments\"><\/i><\/span><\/div>\n\n\n\n<h3 class=\"wp-block-heading has-text-color\" style=\"color:#5a3a6b;margin-top:0px\">Dialogue<\/h3>\n\n\n\n<p class=\"has-text-color has-link-color wp-elements-4e08b0895cb5afcf947d0dc79e10dbce\" style=\"color:#070731\">Nous assistons votre organisation dans la prise en compte des <strong>ruptures induites par la technologie blockchain<\/strong> en vous \u00e9coutant et en dialoguant avec vos \u00e9quipes.<\/p>\n\n\n\n<p class=\"has-text-color has-link-color wp-elements-d6e10dba201fbf1bf5c0ba9670f488ea\" style=\"color:#070731\"><\/p>\n<\/div>\n\n\n\n<div id=\"wp-block-themeisle-blocks-advanced-column-a92486ee\" class=\"wp-block-themeisle-blocks-advanced-column has-light-bg\">\n<div id=\"wp-block-themeisle-blocks-font-awesome-icons-a8eb2801\" class=\"wp-block-themeisle-blocks-font-awesome-icons\"><span class=\"wp-block-themeisle-blocks-font-awesome-icons-container\"><i class=\"far fa-arrow-alt-circle-right\"><\/i><\/span><\/div>\n\n\n\n<h3 class=\"wp-block-heading has-text-color\" style=\"color:#5a3a6b;margin-top:0px\">Suivi<\/h3>\n\n\n\n<p class=\"has-text-color has-link-color wp-elements-812dc4c74dc56376a2bd93184485f0c6\" style=\"color:#070731\">Nous vous accompagnons dans la dur\u00e9e avec le souci de vous apporter<br>une r\u00e9elle plus-value et de vous <strong>aider \u00e0 atteindre les objectifs qui sont les v\u00f4tres<\/strong>.<\/p>\n\n\n\n<p class=\"has-text-color has-link-color wp-elements-1c6b379175ac71070d9f28401f90184f\" style=\"color:#070731\"><\/p>\n<\/div>\n<\/div><\/div>\n\n\n\n<div id=\"wp-block-themeisle-blocks-advanced-columns-b987e633\" class=\"wp-block-themeisle-blocks-advanced-columns alignfull has-1-columns has-desktop-equal-layout has-tablet-equal-layout has-mobile-equal-layout has-vertical-unset has-light-bg\"><div class=\"wp-block-themeisle-blocks-advanced-columns-overlay\"><\/div><div class=\"innerblocks-wrap\">\n<div id=\"wp-block-themeisle-blocks-advanced-column-7f4d9896\" class=\"wp-block-themeisle-blocks-advanced-column\">\n<h2 class=\"wp-block-heading has-text-color has-link-color wp-elements-e50321ffaccca27d3d568115a13e4a1a\" style=\"color:#070731\">Quelles th\u00e9matiques ?<\/h2>\n\n\n\n<p class=\"has-text-color has-link-color wp-elements-2438a7e8423a1892ffad025e795b3cae\" style=\"color:#070731\">Nous vous conseillons concernant toutes les probl\u00e9matiques permettant d&#8217;adapter votre organisation aux risques induits par la technologie blockchain.<\/p>\n<\/div>\n<\/div><\/div>\n\n\n\n<div id=\"wp-block-themeisle-blocks-advanced-columns-8592f131\" class=\"wp-block-themeisle-blocks-advanced-columns alignfull has-4-columns has-desktop-equal-layout has-tablet-equal-layout has-mobile-collapsedRows-layout has-vertical-unset has-light-bg\"><div class=\"wp-block-themeisle-blocks-advanced-columns-overlay\"><\/div><div class=\"innerblocks-wrap\">\n<div id=\"wp-block-themeisle-blocks-advanced-column-892143ba\" class=\"wp-block-themeisle-blocks-advanced-column has-light-bg\">\n<div id=\"wp-block-themeisle-blocks-font-awesome-icons-dd4e1ef6\" class=\"wp-block-themeisle-blocks-font-awesome-icons\"><span class=\"wp-block-themeisle-blocks-font-awesome-icons-container\"><i class=\"fas fa-sort-amount-up\"><\/i><\/span><\/div>\n\n\n\n<h3 class=\"wp-block-heading has-text-color\" style=\"color:#5a3a6b;margin-top:0px\">Parangonnage<\/h3>\n\n\n\n<p class=\"has-text-color has-link-color wp-elements-3174273f9a7c01dbdab584f13cdd97b9\" style=\"color:#070731\">Nous comparons et \u00e9valuons pour vous des solutions techniques afin de vous permettre de faire le choix le plus adapt\u00e9 \u00e0 vos contraintes et \u00e0 vos objectifs op\u00e9rationnels.<\/p>\n\n\n\n<p class=\"has-text-color has-link-color wp-elements-d6e10dba201fbf1bf5c0ba9670f488ea\" style=\"color:#070731\"><\/p>\n<\/div>\n\n\n\n<div id=\"wp-block-themeisle-blocks-advanced-column-79d8dfdd\" class=\"wp-block-themeisle-blocks-advanced-column has-light-bg\">\n<div id=\"wp-block-themeisle-blocks-font-awesome-icons-9dfe7a62\" class=\"wp-block-themeisle-blocks-font-awesome-icons\"><span class=\"wp-block-themeisle-blocks-font-awesome-icons-container\"><i class=\"fas fa-hands-helping\"><\/i><\/span><\/div>\n\n\n\n<h3 class=\"wp-block-heading has-text-color\" style=\"color:#5a3a6b;margin-top:0px\">Recrutement<\/h3>\n\n\n\n<p class=\"has-text-color has-link-color wp-elements-1fdcfbf96e387ff76f26cbcec44b9340\" style=\"color:#070731\">Nous vous assistons dans<br>l\u2019identification des comp\u00e9tences \u00e0 r\u00e9unir et des profils \u00e0 recruter sur des postes li\u00e9s \u00e0 l\u2019enqu\u00eate, \u00e0 la s\u00e9curit\u00e9<br>financi\u00e8re ou \u00e0 la conformit\u00e9.<\/p>\n\n\n\n<p class=\"has-text-color has-link-color wp-elements-1c6b379175ac71070d9f28401f90184f\" style=\"color:#070731\"><\/p>\n<\/div>\n\n\n\n<div id=\"wp-block-themeisle-blocks-advanced-column-0c34f1ca\" class=\"wp-block-themeisle-blocks-advanced-column has-light-bg\">\n<div id=\"wp-block-themeisle-blocks-font-awesome-icons-a58203cd\" class=\"wp-block-themeisle-blocks-font-awesome-icons\"><span class=\"wp-block-themeisle-blocks-font-awesome-icons-container\"><i class=\"fas fa-satellite\"><\/i><\/span><\/div>\n\n\n\n<h3 class=\"wp-block-heading has-text-color\" style=\"color:#5a3a6b;margin-top:0px\">Cartographie<\/h3>\n\n\n\n<p class=\"has-text-color has-link-color wp-elements-d9a1dbe21de13339ed4c962133520236\" style=\"color:#070731\">Nous vous accompagne dans la construction ou dans la mise \u00e0 jour d\u2019une cartographie des risques, outil indispensable au d\u00e9ploiement d\u2019une v\u00e9ritable conformit\u00e9 op\u00e9rationnelle.<\/p>\n\n\n\n<p class=\"has-text-color has-link-color wp-elements-1c6b379175ac71070d9f28401f90184f\" style=\"color:#070731\"><\/p>\n<\/div>\n\n\n\n<div id=\"wp-block-themeisle-blocks-advanced-column-062da55f\" class=\"wp-block-themeisle-blocks-advanced-column has-light-bg\">\n<div id=\"wp-block-themeisle-blocks-font-awesome-icons-1db4d481\" class=\"wp-block-themeisle-blocks-font-awesome-icons\"><span class=\"wp-block-themeisle-blocks-font-awesome-icons-container\"><i class=\"fas fa-chess-board\"><\/i><\/span><\/div>\n\n\n\n<h3 class=\"wp-block-heading has-text-color\" style=\"color:#5a3a6b;margin-top:0px\">Strat\u00e9gie<\/h3>\n\n\n\n<p class=\"has-text-color has-link-color wp-elements-1ee1ea73c990a91099465162e22d937c\" style=\"color:#070731\">Nous vous aidons \u00e0 orienter vos travaux afin d\u2019avoir toujours un temps d\u2019avance sur les \u00e9volutions de l\u2019\u00e9cosyst\u00e8me et sur la r\u00e9alit\u00e9 du terrain.<\/p>\n\n\n\n<p class=\"has-text-color has-link-color wp-elements-1c6b379175ac71070d9f28401f90184f\" style=\"color:#070731\"><\/p>\n<\/div>\n<\/div><\/div>\n\n\n\n<div id=\"wp-block-themeisle-blocks-advanced-columns-a491a38c\" class=\"wp-block-themeisle-blocks-advanced-columns alignfull has-1-columns has-desktop-equal-layout has-tablet-equal-layout has-mobile-equal-layout has-vertical-unset has-light-bg\"><div class=\"wp-block-themeisle-blocks-advanced-columns-overlay\"><\/div><div class=\"innerblocks-wrap\">\n<div id=\"wp-block-themeisle-blocks-advanced-column-e2d65f2d\" class=\"wp-block-themeisle-blocks-advanced-column\">\n<h2 class=\"wp-block-heading has-text-color has-link-color wp-elements-d8dce2bc15fb2f3e2be87e6ab0383ff6\" style=\"color:#070731\">Des \u00e9tudes pour vous \u00e9clairer.<\/h2>\n\n\n\n<p class=\"has-text-color has-link-color wp-elements-8daaeed399c3f34e63711c6d018badd8\" style=\"color:#070731\">Nous produisons des \u00e9tudes compl\u00e8tes et document\u00e9es pour r\u00e9pondre \u00e0 vos besoins.<\/p>\n<\/div>\n<\/div><\/div>\n\n\n\n<div id=\"wp-block-themeisle-blocks-advanced-columns-e52b231f\" class=\"wp-block-themeisle-blocks-advanced-columns alignfull has-2-columns has-desktop-equal-layout has-tablet-equal-layout has-mobile-collapsedRows-layout has-vertical-unset has-light-bg\"><div class=\"wp-block-themeisle-blocks-advanced-columns-overlay\"><\/div><div class=\"innerblocks-wrap\">\n<div id=\"wp-block-themeisle-blocks-advanced-column-b3570977\" class=\"wp-block-themeisle-blocks-advanced-column has-light-bg\">\n<div id=\"wp-block-themeisle-blocks-font-awesome-icons-3110baa7\" class=\"wp-block-themeisle-blocks-font-awesome-icons\"><span class=\"wp-block-themeisle-blocks-font-awesome-icons-container\"><i class=\"fas fa-bahai\"><\/i><\/span><\/div>\n\n\n\n<h3 class=\"wp-block-heading has-text-color\" style=\"color:#5a3a6b;margin-top:0px\">Ph\u00e9nom\u00e8nes<\/h3>\n\n\n\n<p class=\"has-text-color has-link-color wp-elements-88e640b72bc9d871124c42c09216e7e5\" style=\"color:#070731\">Pour vous, nous pouvons \u00e9tudier certains ph\u00e9nom\u00e8nes \u00e9mergents, vous laissant l\u2019opportunit\u00e9 de vous concentrer sur vos op\u00e9rations au jour le jour.<\/p>\n\n\n\n<p class=\"has-text-color has-link-color wp-elements-d6e10dba201fbf1bf5c0ba9670f488ea\" style=\"color:#070731\"><\/p>\n<\/div>\n\n\n\n<div id=\"wp-block-themeisle-blocks-advanced-column-312c23ad\" class=\"wp-block-themeisle-blocks-advanced-column has-light-bg\">\n<div id=\"wp-block-themeisle-blocks-font-awesome-icons-54a6f172\" class=\"wp-block-themeisle-blocks-font-awesome-icons\"><span class=\"wp-block-themeisle-blocks-font-awesome-icons-container\"><i class=\"fas fa-chess\"><\/i><\/span><\/div>\n\n\n\n<h3 class=\"wp-block-heading has-text-color\" style=\"color:#5a3a6b;margin-top:0px\">Acteurs<\/h3>\n\n\n\n<p class=\"has-text-color has-link-color wp-elements-ef7cbfdf66fcd5cbd7f690fc5b2cb85f\" style=\"color:#070731\">Pour vous, nous pouvons \u00e9tudier certains acteurs d\u2019int\u00e9r\u00eats, qu\u2019il s\u2019agisse d\u2019un adversaire, d\u2019un concurrent ou d\u2019un possible futur partenaire.<\/p>\n\n\n\n<p class=\"has-text-color has-link-color wp-elements-1c6b379175ac71070d9f28401f90184f\" style=\"color:#070731\"><\/p>\n<\/div>\n<\/div><\/div>\n\n\n\n<p><\/p>\n","protected":false},"excerpt":{"rendered":"","protected":false},"author":1,"featured_media":0,"parent":0,"menu_order":0,"comment_status":"closed","ping_status":"closed","template":"","meta":{"site-sidebar-layout":"default","site-content-layout":"","ast-site-content-layout":"","site-content-style":"default","site-sidebar-style":"default","ast-global-header-display":"","ast-banner-title-visibility":"","ast-main-header-display":"","ast-hfb-above-header-display":"","ast-hfb-below-header-display":"","ast-hfb-mobile-header-display":"","site-post-title":"","ast-breadcrumbs-content":"","ast-featured-img":"","footer-sml-layout":"","theme-transparent-header-meta":"","adv-header-id-meta":"","stick-header-meta":"","header-above-stick-meta":"","header-main-stick-meta":"","header-below-stick-meta":"","astra-migrate-meta-layouts":"default","ast-page-background-enabled":"default","ast-page-background-meta":{"desktop":{"background-color":"var(--ast-global-color-4)","background-image":"","background-repeat":"repeat","background-position":"center center","background-size":"auto","background-attachment":"scroll","background-type":"","background-media":"","overlay-type":"","overlay-color":"","overlay-opacity":"","overlay-gradient":""},"tablet":{"background-color":"","background-image":"","background-repeat":"repeat","background-position":"center center","background-size":"auto","background-attachment":"scroll","background-type":"","background-media":"","overlay-type":"","overlay-color":"","overlay-opacity":"","overlay-gradient":""},"mobile":{"background-color":"","background-image":"","background-repeat":"repeat","background-position":"center center","background-size":"auto","background-attachment":"scroll","background-type":"","background-media":"","overlay-type":"","overlay-color":"","overlay-opacity":"","overlay-gradient":""}},"ast-content-background-meta":{"desktop":{"background-color":"var(--ast-global-color-5)","background-image":"","background-repeat":"repeat","background-position":"center center","background-size":"auto","background-attachment":"scroll","background-type":"","background-media":"","overlay-type":"","overlay-color":"","overlay-opacity":"","overlay-gradient":""},"tablet":{"background-color":"var(--ast-global-color-5)","background-image":"","background-repeat":"repeat","background-position":"center center","background-size":"auto","background-attachment":"scroll","background-type":"","background-media":"","overlay-type":"","overlay-color":"","overlay-opacity":"","overlay-gradient":""},"mobile":{"background-color":"var(--ast-global-color-5)","background-image":"","background-repeat":"repeat","background-position":"center center","background-size":"auto","background-attachment":"scroll","background-type":"","background-media":"","overlay-type":"","overlay-color":"","overlay-opacity":"","overlay-gradient":""}},"_themeisle_gutenberg_block_has_review":false,"footnotes":""},"class_list":["post-300","page","type-page","status-publish","hentry"],"_links":{"self":[{"href":"https:\/\/www.koldata.io\/index.php\/wp-json\/wp\/v2\/pages\/300","targetHints":{"allow":["GET"]}}],"collection":[{"href":"https:\/\/www.koldata.io\/index.php\/wp-json\/wp\/v2\/pages"}],"about":[{"href":"https:\/\/www.koldata.io\/index.php\/wp-json\/wp\/v2\/types\/page"}],"author":[{"embeddable":true,"href":"https:\/\/www.koldata.io\/index.php\/wp-json\/wp\/v2\/users\/1"}],"replies":[{"embeddable":true,"href":"https:\/\/www.koldata.io\/index.php\/wp-json\/wp\/v2\/comments?post=300"}],"version-history":[{"count":8,"href":"https:\/\/www.koldata.io\/index.php\/wp-json\/wp\/v2\/pages\/300\/revisions"}],"predecessor-version":[{"id":425,"href":"https:\/\/www.koldata.io\/index.php\/wp-json\/wp\/v2\/pages\/300\/revisions\/425"}],"wp:attachment":[{"href":"https:\/\/www.koldata.io\/index.php\/wp-json\/wp\/v2\/media?parent=300"}],"curies":[{"name":"wp","href":"https:\/\/api.w.org\/{rel}","templated":true}]}}